30)/((-2)/(-10)))/(-2). What are the prime factors of 292/q + -7 + 8 + -2?
3, 97
Let z(g) be the third derivative of -g**6/720 - 3*g**5/40 - g**4/4 + 15*g**2. Let t(s) be the second derivative of z(s). List the prime factors of t(-19).
2, 5
Suppose -6*g - 566700 = -10*g - 16*g. What are the prime factors of g?
3, 5, 1889
Suppose 494*d = 12*d + 7007798. What are the prime factors of d?
7, 31, 67
Suppose 308*v = 341*v - 1987029. List the prime factors of v.
3, 20071
Let r(y) = 2*y + 5. Let c be r(-1). Suppose c*f = -4*f + 784. Suppose 0*p + h = -4*p + f, -3*p + h + 77 = 0. What are the prime factors of p?
3
Suppose 217*m - 4542578 - 2735819 = 0. What are the prime factors of m?
17, 1973
Suppose 3*g - 11965 - 4473 = -5*t, -2*t = 4*g - 6578. Let r = t - 2233. List the prime factors of r.
2, 17, 31
Suppose -6*u - 160 = -370. What are the prime factors of -39 + u + (-1 - 90/(-1))?
5, 17
Suppose -15*s + 90709 + 123791 = 0. List the prime factors of s.
2, 5, 11, 13
Suppose 130*d - 387641 - 614789 = 0. What are the prime factors of d?
11, 701
Let g(i) = 4281*i + 6558. List the prime factors of g(17).
3, 5, 41, 43
Let x(m) = -4*m - 2. Let n be x(-1). Suppose -23 = -n*d - 17. Suppose 0*f + 4*f = -4*g + 96, -d*f - 2*g = -70. List the prime factors of f.
2, 11
Suppose -17*q - 32942 = -3*p - 12*q, 4*p = 4*q + 43936. List the prime factors of p.
3, 11, 37
Let p(c) = -c**2 + 23*c - 8. Let f be (-3)/(-18)*151 - 3/18. Suppose 27*s - f*s - 12 = 0. What are the prime factors of p(s)?
2, 47
Suppose 531 = n + 523. List the prime factors of (5/((-20)/n))/(-2)*206.
2, 103
Suppose -c + 210 = 4*a - 1817, -c + 5*a + 2027 = 0. What are the prime factors of c?
2027
Let j(c) = -8*c + 59. Let t be j(7). Suppose n - t*v - 89 = -9, n - 120 = -5*v. List the prime factors of n.
5, 19
Suppose 17 = -6*a + 5. What are the prime factors of (-690)/((-3 + 6)*1/a)?
2, 5, 23
Let r = -160 - -147. Let k(z) = z**2 + 16*z + 39. Let u be k(r). List the prime factors of -4 - (-107 - (4 - u)).
107
Let o = -29562 + 57174. List the prime factors of o.
2, 3, 13, 59
Let c(r) = 41 - 23*r**3 - 8*r - 17 - 7*r**2 + 24*r**3 + 24*r**2. What are the prime factors of c(-13)?
2, 3, 67
Let r be 28/(-35) + (-6964)/(-5). Suppose -r = -8*o - 4*o. List the prime factors of o.
2, 29
Let c = -47 - -54. What are the prime factors of (3120/56)/(1/c)?
2, 3, 5, 13
Let x(f) = -f**3 + 6*f**2 - 9*f + 7. Let d be x(5). Let m(o) = o**3 + 15*o**2 - 30*o - 119. What are the prime factors of m(d)?
3, 7, 29
Let j(v) = -27*v + 1. Let k be j(-1). Let h be (9/(-6))/(k/8 - 4). Suppose -2*c = -d + 84, -2*d + h*d = -4*c + 72. List the prime factors of d.
2, 5
Suppose 6*i + 36 = -3*i. What are the prime factors of 2/2 - (-901 - (-8)/i)?
2, 113
Let y(l) = 2*l**3 + 10*l**2 - l - 12. List the prime factors of y(8).
2, 3, 137
List the prime factors of ((-52581)/(-3))/((5/(-35))/((-16)/112)).
17, 1031
Let t(q) = 10*q - 62. Let f(v) = -7*v + 41. Let j(w) = -8*f(w) - 5*t(w). Let s be j(4). What are the prime factors of 2/12*-2 - (-938)/s?
2, 3, 13
List the prime factors of (12896/(-80))/(-3 + (-553)/(-185)).
13, 31, 37
Let m be (5 - (-22)/(-4))*578*-1. Let t = 455 - m. Suppose h = -h + t. List the prime factors of h.
83
List the prime factors of 40236/(-147)*28/(-8).
2, 479
Let f be (1/2)/(12/(-120)). What are the prime factors of (-1)/(12756/2552 + f)?
2, 11, 29
Suppose 2*k = 48 - 66. Let s = k + 543. List the prime factors of s.
2, 3, 89
Let a(b) = -2*b**3 - 16*b**2 - 16*b - 9. Let r be a(-7). Let j = 24 + 1. Let g = j - r. What are the prime factors of g?
2, 5
Suppose 0 = 9*f - 5*f - 16. Suppose -4 = f*d - 20. Suppose 5*w + 395 = 2*l - 8, -5*l + 982 = -d*w. What are the prime factors of l?
2, 97
What are the prime factors of -11*(-6)/176 + 89274/16?
2, 3, 5, 31
Let c(q) = q**3 + 20*q**2 + 20*q + 1. Let j be ((-684)/190)/(1/5). List the prime factors of c(j).
17
Suppose o - 1425 = 5*g, -g + 5*g + 4319 = 3*o. Suppose o = r + 4*r. Let p = 410 - r. List the prime factors of p.
11
Let n(x) = -x**3 - 11*x**2 + 8*x - 57. Let m be n(-12). Let u(w) = -w**3 + w**2 + 3. List the prime factors of u(m).
3, 271
Let w = 11301 + 23965. List the prime factors of w.
2, 7, 11, 229
Let z be 85/(-1) + -5 + -3 + 1. Let i = z + 294. List the prime factors of i.
2, 101
Suppose 5*l = -5*u + 122365, 12*u - 319813 = -2*l - 26167. List the prime factors of u.
2, 5, 2447
Let s = 10081 - 4513. What are the prime factors of ((-6)/4)/(-4*6/s)?
2, 3, 29
Let j = -50961 - -77854. What are the prime factors of j?
26893
Let f = 112 - 109. Suppose -215 = -4*p - f*l, 2*p - 5*l + 14 - 115 = 0. Suppose 67 = b + 4*r, p = b + 2*r - 8. List the prime factors of b.
5, 11
Let b = 101 + -66. What are the prime factors of 49/b + 1287/45?
2, 3, 5
Suppose -w = -2*s + 3269, s + 2*s = 4*w + 4911. Suppose 0 = 5*g - 3*z - 0*z - s, 0 = -2*g + 2*z + 654. What are the prime factors of ((-8)/10)/(g/110 - 3)?
2, 11
Let t = -8822 - -42037. List the prime factors of t.
5, 7, 13, 73
List the prime factors of (((-117061)/(-28))/(-7))/(5 - 564/112).
7, 2389
Suppose 0 = h - 3 - 1. Let b be 3/(-21)*4*(-14)/h. Suppose -b*x = -8, 112 = 2*t + 2*x - 68. List the prime factors of t.
2, 43
Suppose 12*p = 47*p - 420. Suppose 0 = -4*u - 21*l + 17*l + 4020, 0 = 4*l - p. List the prime factors of u.
2, 3, 167
Suppose -6*t - 12 = -4*t. Let g(j) = -j - 3. Let p be g(t). What are the prime factors of 46 + 0*(-1)/p?
2, 23
Let v(y) = 2 + 3*y - 5 + 227*y**2 + 7 - 225*y**2. Let l be v(-3). Suppose l*f = 8*f + 300. What are the prime factors of f?
2, 3, 5
Let o(r) = 2 - 2*r + 7657*r**3 - 3838*r**3 - 3847*r**3 - 4*r**2. Let i(q) = -3*q**3 + 2*q**2 - 1. Let p be i(1). What are the prime factors of o(p)?
2, 107
Let a(x) = -8*x**2 + 24*x - 29. Let k(i) = 8*i**2 - 24*i + 31. Let f(u) = -3*a(u) - 2*k(u). What are the prime factors of f(9)?
457
Suppose t - 8 = 3. Suppose t = -x + 47. Suppose 2*a - j - 12 = -3*j, 3*j = 3*a - x. What are the prime factors of a?
3
Let r(d) = d**2 - 16*d + 750. List the prime factors of r(81).
3, 5, 401
Suppose 0 = 4*d - 4*w - 64612, 2*d + 9*w - 32288 = 5*w. List the prime factors of d.
2, 5, 17, 19
Let n(r) = -6*r**2 - 92*r + 39. Let f(d) = 3*d**2 + 46*d - 20. Let p(v) = -7*f(v) - 4*n(v). What are the prime factors of p(-16)?
2
Suppose 139*h = -5*l + 134*h + 225860, 5*l - 5*h - 225930 = 0. What are the prime factors of l?
45179
Suppose 0 = -9*p + 14*p + 295. Let k = p - -73. Suppose -13*b = -k*b + 47. List the prime factors of b.
47
Let z = -41 - 192. Let o = -125 - z. Suppose w - o = -64. What are the prime factors of w?
2, 11
Let b = 10814 + -10741. List the prime factors of b.
73
Let t be (170/6)/((-370)/(-444)). Let b(k) = 128*k**3 - 1. Let h be b(1). Let z = t + h. What are the prime factors of z?
7, 23
Let b be ((-1)/2)/(19/(-342)) - 5. What are the prime factors of 539336/1064 + b/38?
3, 13
Let d(i) = i**3 + i**2 - 5*i + 6. Let y be d(-3). Suppose 0 = -3*k - y*u + 36, 3*k = -5*u + u + 40. Suppose k*a + 90 = 9*a. What are the prime factors of a?
2, 3, 5
Suppose -18*m = -11*m + 1862. What are the prime factors of 0 + (-3)/2 - 149625/m?
3, 11, 17
Suppose 2*d + 32 = 4*y, 4*d + 7*y - 2*y = -116. Let b = d + 1293. What are the prime factors of b?
3, 47
Let g(x) = 78*x**3 - 6*x**2 + 2*x + 3. Let z = 403 + -401. List the prime factors of g(z).
607
Let q(z) = z**2 + z - 1. Let w(f) = 26*f**2 + 8*f - 63. Let o(x) = 2*q(x) + w(x). List the prime factors of o(5).
5, 137
Let h be 108/60*(-20)/(-6). Suppose 4*u = 3*d - 8, h = -d - 4*d - 3*u. Suppose d = -5*v - 0 + 120. List the prime factors of v.
2, 3
Let t(q) = 6*q + 26. Let k be t(12). Let x be (-14)/(-10) - (-42)/70. Suppose x*j + 2 - k = 0. List the prime factors of j.
2, 3
Let m be (7/4)/(11/44)*-1. List the prime factors of (4/m)/((-6)/63).
2, 3
List the prime factors of 750/9*(-384)/(-10) - 3.
23, 139
Suppose 4*q + 29686 = 2*c, -5*q - 76249 + 16865 = -4*c. What are the prime factors of c?
14851
Suppose -2*y = 2*i - 16864, 0 = y + 20*i - 17*i - 8434. List the prime factors of y.
8431
Suppose -3*c = -2*h - 2*c + 197, h - 102 = -3*c. Suppose -h - 358 = -k. What are the prime factors of k?
457
Let c = -51 - -99. Suppose 0 = -4*r - 7*u + 8*u + 440, u = 5*r - 549. Let p = r - c. List the prime factors of p.
61
Let o = 3592 + -2124. Suppose -12*